of -f**6/120 + f**5/15 - f**4/6 + f**3/3 - 3*f**2. Let g be r(2). Suppose -g*s + 8 = -18. What is the units digit of s?
3
Suppose -5*d = -2*l - 2 + 37, 0 = 3*l - 3*d - 75. What is the tens digit of l?
3
Let h(t) = t**3 - 7*t**2 + 10*t - 15. What is the units digit of h(6)?
9
What is the units digit of (-456)/(-18) - 3/9?
5
Let g be 1/(-7) - (-267)/7. Suppose -3*c = -2*u - 79, 2*u - 94 + g = -2*c. What is the units digit of c?
7
What is the units digit of 2 + -1 + 0 - -54?
5
Let u be 99/21 - (-4)/14. Let c(x) = -x**3 + 6*x**2 - 5*x + 1. What is the units digit of c(u)?
1
Suppose -4*y - 16 = 0, 3*y - 2 - 4 = 3*b. Let q = b + 8. What is the units digit of (q/6)/((-3)/(-36))?
4
Suppose -4*i + 49 = 3*r + 14, r = 2*i - 5. Let j be ((-4)/i)/(1/(-25)). Suppose -2*d + 0*d = -j. What is the tens digit of d?
1
Suppose 20 = 5*y - 0. Suppose g + p - y = -0*p, -p = -5*g + 2. What is the units digit of (g/2)/((-6)/(-12))?
1
Let c(l) be the second derivative of l**4/6 - 5*l**3/6 + 5*l**2/2 + 8*l. What is the units digit of c(6)?
7
Let q(b) = 5*b + 8. What is the units digit of q(4)?
8
Suppose 5*p - 156 - 89 = 0. What is the tens digit of p?
4
Suppose 5*y + 3*o - 16 = 2*o, 4*y = -3*o + 15. Suppose -5*k + 3*n = -130, -3*n = -y*k - 4*n + 64. What is the tens digit of k?
2
Suppose -8*i + 1747 = 299. What is the tens digit of i?
8
Let r(l) = l + 9. Let y be r(-4). Let i(f) = 2*f**2 + 3*f. Let h be i(-2). Suppose h*q - y*q = -18. What is the units digit of q?
6
Let b = 28 + -20. What is the units digit of (-12)/b*(-40)/6?
0
Suppose 3*c = -0*c + 72. What is the units digit of c?
4
Let c(g) be the first derivative of 5*g**2/2 - 2*g + 5. What is the units digit of c(5)?
3
Let z be (-13)/(-2) + (-9)/6. Let j be z/(-10)*-3*12. Let u = -4 + j. What is the tens digit of u?
1
Let k(l) = l**2 - 7*l - 8. Let s(m) = -m**2 + 6*m + 8. Let u(t) = -2*k(t) - 3*s(t). What is the units digit of u(6)?
4
Let d = 5 - 5. Suppose 5*r - 2*z - 19 - 8 = d, 2*r - 13 = 3*z. What is the units digit of r?
5
Suppose 53 + 3 = 4*u. What is the units digit of u?
4
Let f(u) = -u**2 + u. Let g(y) = y**3 - 10*y**2 + y + 11. Let r(j) = -f(j) + g(j). What is the units digit of r(9)?
1
Let v be 10/4*(-12)/(-10). What is the units digit of (-4)/v*9/(-6)?
2
Let h = 51 + 20. What is the tens digit of h?
7
Let b = -17 - -22. What is the units digit of b?
5
Let s = -6 + 8. Suppose -b - 3*y = -8, -2*b - s*y = -4*b + 32. What is the units digit of b?
4
Let r(k) = k**2 + 3*k + 1. Let x be r(-2). What is the tens digit of (-2)/(x*(-8)/(-132))?
3
Let c(b) = -5*b - 19. Let s(o) = 3*o + 10. Let a(q) = 4*c(q) + 7*s(q). Let d be a(8). What is the tens digit of (-141)/(-12) + d/8?
1
Let i = 38 + -43. Let c(n) = -3*n**2 + 6*n + 3. Let h(f) = -f**2 + 1. Let s(m) = -c(m) + 4*h(m). What is the units digit of s(i)?
6
Let p be ((-3)/(-3))/1 + 4. Let v = 0 + p. Suppose -2 = -0*x + 4*x - 5*j, -v*j + 8 = -x. What is the units digit of x?
2
Suppose -2*c + 12 = -3*s, 2*s = -5*c + s + 30. Let w = c - 1. What is the units digit of w?
5
Suppose 10*p - 13*p = -351. What is the tens digit of p?
1
Suppose 7*v - 5*v - 52 = 0. What is the tens digit of v?
2
Suppose 0*c + 2*r = -c + 76, 15 = -5*r. What is the tens digit of c?
8
Let v(w) = -w + 48. What is the tens digit of v(20)?
2
Let w(d) = -d**3 + 23*d**2 - 12*d. What is the tens digit of w(22)?
2
Let g(j) = j - 1. Let x be g(4). Let b(w) = -w**3 + 2*w**2 + 5*w - 2. What is the units digit of b(x)?
4
Let o be (-1)/(-3)*54/3. Let h = o - 9. What is the units digit of h/((-45)/(-12))*-5?
4
Suppose 5*i - i = 8. Suppose 0 = n + c - 14 - 12, -n = -5*c - 14. Suppose -m + n = i*m. What is the units digit of m?
8
Suppose -4*o + 222 = 2*v, 2*o + 3*v + 272 = 7*o. Suppose -4*a = -o - 53. What is the tens digit of a?
2
Suppose -t - 116 = -3*n, 2*n - 7*n = -5*t - 180. What is the tens digit of n?
4
Let r(m) = m - 9. Let d be r(0). Let y = 0 - d. What is the units digit of y?
9
Let o be (260/(-15))/(1/(-3)). Let s = o + -36. What is the units digit of s?
6
Let g(h) be the second derivative of 7*h**3/2 - h**2/2 + 4*h. What is the tens digit of g(1)?
2
Let f be (15/(-6))/((-2)/12). Suppose -3*o + 0*o = -f. Suppose 2*x + 9 = 4*j - 3*j, 17 = o*j - 3*x. What is the units digit of j?
1
Suppose -3*c - 34 = -5*z, 14 = 2*c - 3*z + 7*z. Let b be 3*((-2)/c - 0). Suppose -2*d + 0 = -8, 2*u + b*d = 24. What is the units digit of u?
8
Suppose 101 = 4*i - 3*s, 26 + 129 = 5*i + 2*s. What is the units digit of i?
9
Let m(u) = u**2 + 6*u - 7. Let s be m(-8). Suppose 3*h + s = 39. What is the units digit of h?
0
Suppose 739 = 4*v + v - 4*r, r + 1 = 0. What is the hundreds digit of v?
1
Let v be (-20)/6*(-24)/10. Let a = 4 + v. What is the tens digit of a?
1
Let b(y) = -y**3 - 11*y**2 - 6*y - 13. What is the units digit of b(-11)?
3
Suppose -4*l + l + 108 = 0. Suppose -l = -2*g + 6*g. What is the units digit of (3 + -1)*g/(-6)?
3
Let d = -28 + 28. What is the units digit of (d + 22)/((-2)/(-5))?
5
Let w = -1 - -2. Let g be -3 - -5 - (-2 + w). What is the units digit of (-4)/(-3) + 2/g?
2
Let p be (1 + -3)*(-3 - -1). Suppose -2*s + p*s - 12 = 0. What is the units digit of s?
6
Let l = 3 - -24. What is the units digit of l?
7
Let r be 0/(3 + -2) + 3. Suppose -5*o - 3*z + 29 = 0, 1 = r*o - 4*o - 4*z. What is the units digit of o?
7
Let z(q) be the third derivative of q**6/120 + q**5/12 + 5*q**4/24 + q**3 + q**2. Let w be z(-4). Suppose 3*y - w*y = 2. What is the units digit of y?
2
Let m = 128 - 33. What is the tens digit of m?
9
Let i(c) be the third derivative of c**5/60 - 2*c**3/3 - 3*c**2. What is the units digit of i(3)?
5
Let p = 66 + -31. Suppose -u = -3*q - 2*q - p, -q - 34 = -2*u. What is the tens digit of u?
1
Suppose -2*a - i + 1178 = 2*a, 5*a - 1468 = i. What is the hundreds digit of a?
2
Suppose -6*k = -8*k + 42. Suppose -111 = -5*f - 5*i - k, f - i = 12. What is the tens digit of f?
1
Let n be -4 + 0 - (-5 + 4). What is the units digit of 3/(5/n - -2)?
9
Suppose 2*f - 32 = 6*f. What is the units digit of 2/f - 186/(-8)?
3
Suppose -w = 3*w - 4*r - 180, -4*w = -3*r - 185. What is the tens digit of w?
5
Let y(d) = d**3 + 6*d**2 + 2*d + 19. What is the units digit of y(-6)?
7
Suppose 6*h - 2 = 5*h. Suppose h*o - 4 = 2*q, -2*o - q + 19 = 2*q. What is the units digit of o?
5
Let b be (132/(-15))/(2/(-5)). Suppose -4*a + 42 = 5*w, 2*a = 4*a + 3*w - b. What is the units digit of a?
8
Suppose 7 - 64 = -3*y. Let r = -10 - y. Let f = r + 50. What is the units digit of f?
1
Suppose -4*c = -0*c. Suppose c = 3*f - 7*f + 48. What is the units digit of f - 3/9*0?
2
Let l = 84 + -54. What is the tens digit of l?
3
Let c = 3 - -2. Suppose -3 = -4*s + c. What is the units digit of (s/5 - 1)*-15?
9
What is the tens digit of -8*(28/(-8))/1?
2
Let h(c) = c**2 - 6*c + 6. Let t be 2 - -5 - (-2)/(-2). Let s be h(t). Suppose 3*g = 9 + s. What is the units digit of g?
5
Let l(p) = -p**2 - 16*p - 4. Suppose s = -3*s + 24. Let z(u) = 2*u**2 + 33*u + 7. Let f(x) = s*z(x) + 13*l(x). What is the units digit of f(-8)?
6
Suppose -2*p + 468 = 7*p. What is the tens digit of p?
5
Let z(w) = 3*w + 19. Let h(t) = -3*t - 18. Let k(q) = -3*h(q) - 2*z(q). What is the tens digit of k(5)?
3
Let t be 2*1*(-1)/2. Let g be t/4 + 21/(-28). Let m(b) = -5*b**3 - b**2 - b. What is the units digit of m(g)?
5
Suppose 65 = 5*j - 160. What is the tens digit of j?
4
Let c = 0 - 0. Suppose -3*n + 2*o + 7 = c, 6*n - n - 2*o - 9 = 0. Let s(m) = 3*m**2 + 2*m - 1. What is the units digit of s(n)?
4
Let s = 4 - 4. Suppose s*n - 5*n + 69 = 2*y, -n - 39 = -2*y. What is the units digit of (-320)/(-55) - (-4)/y?
6
Let i(j) = -j + 1. Let n be i(9). Let d be ((-8)/5)/(n/20). What is the units digit of (d/3)/((-2)/(-3))?
2
Let i(s) = s**2 - 2*s - 1. Let a be i(3). Suppose w = -a*g + 9, -2*w - 7*g = -2*g - 14. What is the tens digit of w?
1
Suppose -i - i = 28. Let o be ((-24)/i)/(1/7). What is the units digit of (o - -2)*(-2)/(-4)?
7
Suppose -v + 1 = -2*v. Let p = 11 - v. Suppose 3*z - 5*z = -p. What is the units digit of z?
6
Suppose 0 = -4*m + 2*n + n - 17, 0 = -4*m - 4*n + 4. Let t = -5 - m. Let a = t - -8. What is the units digit of a?
5
Let o be (-2 + 3)*-3 + 1. What is the tens digit of (o - -1) + (30 - 0)?
2
Let s(g) = g**2 + 1. Let u be s(2). Suppose u*y - 47 = -